ppose -i + 167 = 5*x, -169 = -5*x + 5*i - 14. Let t = x - j. What is the units digit of t?
1
Suppose 0 = 4*a + 5*x + 83, 3 = -3*x + 2*x. Let z = 57 + a. Suppose 0 = -4*v + z + 36. What is the tens digit of v?
1
Suppose -2*b + 5 = -7. Suppose -d - b = -21. Suppose -d = -3*m + 2*m. What is the units digit of m?
5
Suppose 89*d + 2440 = 93*d. What is the hundreds digit of d?
6
Let u = -29 + 297. What is the hundreds digit of u?
2
Let o = 5776 - 1873. What is the tens digit of o?
0
Suppose 0*f - 1437 = -u - 4*f, -5*u - 2*f + 7131 = 0. What is the thousands digit of u?
1
Let s = 97 + -101. Let u(g) = -81*g + 14. What is the hundreds digit of u(s)?
3
Suppose 0 = -5*m + 30*m - 25275. What is the thousands digit of m?
1
Let x = 46 + -46. Suppose 5*i - 16 - 29 = x. What is the units digit of i?
9
Let o(a) = 4*a + 23. Let u be o(-7). Let b(z) = z**3 + 5*z**2 - 5*z - 5. What is the units digit of b(u)?
0
Let u = -12 + 15. Suppose 3*o - 5*q = -32, u*o - q + 16 = -0*q. What is the tens digit of 525/20 + 1/o?
2
Let b(x) = x**2 - 6*x - 10. Let s(g) = -g + 3. Let j be s(-4). Let i be b(j). Let m = i + 7. What is the units digit of m?
4
Let r(w) = w - 17. Let v be r(17). Suppose v*y = 2*y + 2. What is the tens digit of 4*y - 644/(-14)?
4
Let j be 5/(9/(-6) + 1). Let l be 2/j + 42/(-15). What is the tens digit of 21 - (l/3)/(-1)?
2
Let h = -135 + 137. Suppose 12 + 50 = 2*g - 5*f, 0 = 5*g - h*f - 155. What is the units digit of g?
1
Let h(p) = 63*p + 7. Let y be h(-3). Let a = -96 - y. What is the tens digit of a?
8
Let m(l) = 11*l. Let c(k) = k**3 + 7*k**2 + 7*k + 17. Let p be c(-6). What is the hundreds digit of m(p)?
1
What is the tens digit of 4 - (3 + 4 - 676)?
7
Suppose 31*d - 2041 - 3880 = 0. What is the hundreds digit of d?
1
Let f(c) = 68*c - 3. What is the hundreds digit of f(12)?
8
Let l = 142 - 30. Suppose l = 4*c - 0*c. What is the tens digit of c?
2
Let p be ((-6)/2)/(-4 - 10948/(-2740)). Let h = -417 + p. What is the tens digit of h?
6
Let x(q) = q**3 - 12*q**2 - 13*q + 5. Let b be x(13). Suppose b*m = 2*j - 3, -2*j + 3*m = -m. What is the tens digit of (4 + 105/j)*-4?
5
Suppose 2*d = -11 + 5. Let l(y) = -55*y - 13. What is the units digit of l(d)?
2
Let m(n) = 353*n + 2. Let a be m(1). Suppose 0 = 7*c - 562 - a. What is the hundreds digit of c?
1
Let l be 1 - 0 - (6 - 5). Suppose l = 5*x + s + 2*s - 874, -4*x = 2*s - 698. What is the units digit of x?
3
Let r = -145 - -56. Let u = -19 - r. What is the tens digit of u?
7
Let l = 848 - 320. What is the hundreds digit of l?
5
Suppose -30 = -4*m + 3*m. Suppose 0*g + g - 15 = -2*p, -3*g = 3*p - m. Suppose -x - 28 = -2*b, 3*b - g*x + 3 = 59. What is the units digit of b?
2
Let w(v) = v**3 + 8*v**2 - 2*v - 9. Let l be (-4)/(-2)*3*-1. Let m be w(l). Let g = m + -46. What is the tens digit of g?
2
Let q = 11 - 7. Let y(k) = k**2 + 10*k - 19. Let w be y(-13). Suppose w = q*p - 2*p. What is the tens digit of p?
1
What is the tens digit of -5*(-862)/20*2?
3
Suppose 554*g = 512*g + 188580. What is the thousands digit of g?
4
Suppose -2 - 22 = w. Let g = -37 - -53. Let a = g - w. What is the tens digit of a?
4
Suppose -65*q - 36 = -66*q. Let u = q + -14. What is the units digit of u?
2
Let p = -30 - -422. What is the units digit of p?
2
Suppose 4*v + 5*v - 9387 = 0. What is the thousands digit of v?
1
Let l be 0*((-25)/15)/(-5). What is the units digit of (l - -1)/((-3)/111*-1)?
7
Let d be 0 - -3 - 1 - -2. Suppose d*k = 46 + 150. What is the tens digit of k?
4
Let s(m) be the second derivative of -m**3/3 + m**2 + m. Suppose 0 = f + 2*f. What is the units digit of s(f)?
2
Let r be (1 - 1) + 9/(-72)*0. Suppose 21*l - 731 - 1705 = r. What is the units digit of l?
6
Let p(q) = 9*q**2 - 4*q - 3. Let g be p(-1). Suppose -g*r = -13*r + 354. What is the units digit of r?
8
Let j(k) = -k**3 - 27*k**2 + 24*k - 30. Let t(a) = 3*a - 28. Let z be t(0). What is the tens digit of j(z)?
8
Let m = 1271 + 2786. What is the hundreds digit of m?
0
Suppose 79*c + 2856 = 87*c. What is the tens digit of c?
5
Let o(n) = 799*n + 290. What is the units digit of o(7)?
3
Let u(f) = -f**2 + 8*f + 7. Let h be u(6). Suppose 3*i = 5*g - 140, -2*i + h = 3*g - 65. What is the tens digit of -2 + g + (-3 - -2)?
2
Let m(d) = d**3 + d**2 - d + 2. Let t = -1 - -5. Let y be 2/(-4) - t/(-8). What is the units digit of m(y)?
2
What is the thousands digit of (-3)/(12/(-9652)) - 9?
2
Let t(p) = -52*p + 91. What is the tens digit of t(-15)?
7
What is the units digit of (-3)/((-2949)/735 + 4)?
5
Let k(p) = -2*p**3 - 14*p - 3. What is the tens digit of k(-5)?
1
Let q = 77 + 7. What is the units digit of (q/(-96))/(1/2)*-4?
7
What is the units digit of 16/(-8) + 5 + 139?
2
Suppose 59*y = 63*y - 20. Suppose -2*b + 368 = b + 2*i, 0 = -b + y*i + 151. What is the units digit of b?
6
Let b be (3/4)/(1/(-4)). Let y(g) = 0*g**3 + 0*g**3 - g**3 - 4*g**2 + 2 + g**2. What is the units digit of y(b)?
2
Suppose 2*l + 24 = -2*g - 0*l, 4*g + 2*l + 48 = 0. Let t = -11 - g. Suppose -3*j + m - 3*m - t = 0, -4*j - 3 = 3*m. What is the units digit of j?
3
Let n(w) = -w**3 - 6*w**2 + 2. Let f be n(-6). Suppose -f*m = -3*b - 2*b - 75, -121 = -3*m - b. What is the units digit of m?
0
Let o = 72 - 50. Suppose 4*x - 94 = y, -2*x + 3*x = y + o. Suppose 10*w - 7*w - x = 0. What is the units digit of w?
8
What is the tens digit of (-1690)/(-12) - 12/216*-3?
4
Let j be (-16)/(-48) + 98/(-6). Let w = -1 - -6. Let u = w - j. What is the units digit of u?
1
Suppose -a + 3 + 15 = -2*n, 30 = a + 4*n. Suppose -a*u = -25*u + 249. What is the tens digit of u?
8
Let r be -16*5/(-1) - 2. Suppose 3*x + 2*l - 34 = r, 4*l + 16 = 0. What is the units digit of x?
0
Suppose 4*u - u = 9. Let i(y) = 3*y + 8*y**2 + 2*y**u + y**3 - 12 - 3*y**3 - y**3. What is the tens digit of i(8)?
1
Suppose -18*m = -416 - 2122. What is the tens digit of m?
4
Let d = 12 - 7. Let s = -48 - -127. Suppose 0 = -d*p + s - 29. What is the tens digit of p?
1
Let i(p) = 123*p + 2. Suppose -3*s = 3 - 0, 4*j + s - 3 = 0. What is the units digit of i(j)?
5
Let h be -982*(-11 - -14)*2/(-12). Suppose -169 = -4*y + h. What is the units digit of y?
5
Let s(x) = -6*x**2 + 17*x - 3. What is the units digit of s(2)?
7
Let k(r) = 1 + 5*r**2 + 2*r**2 - 5*r**2 - 10*r**3 + r - 4*r**2. What is the tens digit of k(-2)?
7
Let h = 752 + 414. What is the tens digit of h?
6
Let d = 13 - 8. Suppose -3*j - j - 106 = -l, 0 = -2*l - d*j + 160. Let i = l - 58. What is the units digit of i?
2
Suppose -3*w + g = -2, g + 30 = 5*w + 6*g. Let d(o) = 1 + 0 - 6*o - o**w - 5 + 5. What is the units digit of d(-5)?
6
Let b(d) = 6*d - 7*d + 5 + d + d. Let l be b(0). Suppose 0*m - 100 = -l*m. What is the tens digit of m?
2
Suppose -5*y - 4*z = -0*y - 25, -4*z = -3*y + 15. Let h = y + 42. What is the tens digit of h?
4
Let b be 4*(-2 + (-5)/(-2)). Suppose j = -b*j + 54. Suppose 2*z - 3*z = -j. What is the units digit of z?
8
Suppose 4*j - 34 = 122. Suppose -g = 5*f - 9 - j, g = 3*f + 24. What is the units digit of g?
3
Suppose -26*h + 6467 + 17375 = 0. What is the tens digit of h?
1
Let g(r) = r**3 + 10*r**2 + 5*r + 19. What is the tens digit of g(-9)?
5
Suppose 5*v + 26 = 2*w, -19 = -4*w + 3*v + 5. Suppose 16 = -0*c + 2*c + w*k, 0 = -c - 2*k + 8. What is the units digit of ((-4)/(-3))/(c/156)?
6
Suppose 5*y + 528 = 7*w - 6*w, 3*w = -2*y + 1584. What is the hundreds digit of w?
5
Suppose -2285 = -5*q - 5*d, -5*d = 3*q - 7*q + 1837. What is the units digit of q?
8
Suppose -3*p - 5*p = -752. Suppose 91*q - p*q = -858. What is the units digit of q?
6
Let f(j) = -j**2 - 12*j + 4. Let b be f(-11). Let g = b - 15. Suppose g = 2*m - 3*d - 92 + 19, -4*m + 143 = -3*d. What is the tens digit of m?
3
Let f be (3 - -169)*1/(-2). What is the units digit of (-6)/8*(f - 6)?
9
Let i = 25 - 21. Suppose -i*l + 12 = 44. What is the tens digit of (l/(-3) - 2)*54?
3
Suppose -6*s = 11 + 1. What is the units digit of ((-680)/60)/(s/6)?
4
Suppose 7*p + 4 = 9*p. Suppose 0 = p*y + 42 + 16. Let l = 64 + y. What is the units digit of l?
5
Suppose -3*f + 0*f - 96 = 0. Let j be (-3)/12*2*f. Let c = -5 + j. What is the units digit of c?
1
Suppose -s + 1476 = 4*p, 760 = 2*p + 7*s - 12*s. What is the hundreds digit of p?
3
Let r(c) = 12*c**3 - 4*c**2 + c + 3. What is the tens digit of r(3)?
9
